 = 2*c**2 + 8*c + 7. Give n(-3).
1
Let q(v) = v**2 + 25*v - 228. Determine q(7).
-4
Let g(v) = -v**3 - 8*v**2 - v - 1. Give g(-8).
7
Let q(v) = -6*v + 68. What is q(8)?
20
Let q(w) = w**3 - 10*w**2 - 2*w + 13. Give q(10).
-7
Let q(h) = 5*h - 38. What is q(4)?
-18
Let n(i) = -i**2 - 5*i - 3. Determine n(-6).
-9
Let i(f) = f + 6. What is i(-7)?
-1
Let m(g) = g**3 + 13*g**2 + g - 132. Give m(-12).
0
Let g(l) = -l**3 + 9*l**2 - 7*l + 6. Give g(8).
14
Let h(v) = -v**2 - 23*v - 84. Determine h(-5).
6
Let v(k) = k**3 - 14*k**2 + 3*k - 11. What is v(14)?
31
Let u(i) = i**3 - 3*i**2 - 54*i - 17. Calculate u(9).
-17
Let r(m) = 23*m**2 + 3*m + 2. What is r(-1)?
22
Let p(f) = -f**3 + 8*f**2 - 11*f - 4. What is p(5)?
16
Let w(i) = 2*i**3 - 6*i**2 - 13*i + 27. Calculate w(4).
7
Let p(w) = w**3 - w**2 + w - 2. What is p(2)?
4
Let p(x) = -35*x**2 + 9*x. Determine p(-2).
-158
Let j(w) = -3*w**3 - w. Give j(-1).
4
Let y(m) = -m**3 + 2*m - 4. What is y(-3)?
17
Let u(n) = 42*n - 296. Calculate u(7).
-2
Let y(q) = q**2 - q - 31. What is y(5)?
-11
Let z(d) = d**3 + 45*d**2 - 45*d. What is z(-46)?
-46
Let s(k) = k**2 - 12*k + 6. Determine s(13).
19
Let u(i) = i**2 - 125*i + 628. Give u(5).
28
Let q(h) = 4*h - 5. Calculate q(-3).
-17
Let j(k) = -k**3 + 11*k**2 - 11*k + 22. What is j(10)?
12
Let p(y) = -y**3 + 9*y**2 + 13*y - 25. What is p(10)?
5
Let o(b) = 4*b**3 - 3*b**2 - 3*b - 2. What is o(-2)?
-40
Let t(g) = -g**3 - 7*g**2 + 8*g - 13. What is t(-9)?
77
Let z(c) = -c**2 + c + 17. What is z(0)?
17
Let o(j) = j**2 + 3*j - 4. Give o(2).
6
Let p(v) = 7*v**3 + 42*v**2 + 3*v + 17. Determine p(-6).
-1
Let g(d) = -131*d + 380. What is g(3)?
-13
Let x(q) = q + 6. Determine x(5).
11
Let r(i) = i**2 - 11*i - 7. Give r(10).
-17
Let r(s) = -s**2 + 3*s + 12. What is r(8)?
-28
Let s(k) = -2*k - 13. Calculate s(-7).
1
Let w(n) = n**3 - 5*n**2 + 6*n - 4. Calculate w(4).
4
Let m(s) = s**2 - 13*s + 7. Determine m(12).
-5
Let y(k) = -k**2 - 12*k - 5. Calculate y(-7).
30
Let s(o) = 3*o + 7. Determine s(-7).
-14
Let v(n) = -11*n**2 - 5*n - 6. Calculate v(-2).
-40
Let p(y) = -4*y**2 - 2*y + 2. Give p(1).
-4
Let n(b) = 4*b + 30. Calculate n(-10).
-10
Let b(d) = -2*d**2 + 3*d + 3. Give b(-2).
-11
Let c(s) = 2*s - 8. Determine c(6).
4
Let z(h) = -2*h - 7. Determine z(0).
-7
Let a(q) = -8*q**2 + 52*q + 32. Determine a(7).
4
Let c(s) = -14*s**3 - s**2. Give c(-1).
13
Let t(z) = z**2 - 17*z + 22. Calculate t(17).
22
Let r(s) = s**3 - 8*s**2 + 2*s + 1. Calculate r(8).
17
Let m(s) = s**2 + 15*s - 17. What is m(-16)?
-1
Let r(y) = -y - 48. Calculate r(-21).
-27
Let x(m) = -199*m + 1190. Determine x(6).
-4
Let z(p) = -3*p - 8. Calculate z(17).
-59
Let p(h) = h**3 - 40*h**2 + 34*h + 196. What is p(39)?
1
Let m(q) = -q - 30. Calculate m(-23).
-7
Let g(v) = -33*v + 1. Determine g(1).
-32
Let q(j) = -3*j - 5. Calculate q(-7).
16
Let r(o) = -o**2 + 8*o - 5. Give r(4).
11
Let l(b) = -b - 6. What is l(12)?
-18
Let w(t) = -2*t**3 + 12*t**2 - 9*t - 12. What is w(5)?
-7
Let i(d) = 22*d - 7. Calculate i(6).
125
Let j(n) = n**3 + 17*n**2 + 18*n + 17. Determine j(-16).
-15
Let j(p) = -p**3 - 2*p - 6. Give j(0).
-6
Let t(v) = v**3 + 5*v**2 + 2*v - 4. Give t(-5).
-14
Let h(v) = v**2 - 2*v - 4. Give h(-6).
44
Let u(c) = 3*c**3 + 17*c**2 + 29*c + 99. Determine u(-5).
4
Let n(s) = s**3 - 11*s**2 + 9*s + 2. Determine n(10).
-8
Let g(x) = -90*x + 1710. Give g(19).
0
Let n(w) = 10*w + 115. Give n(-6).
55
Let v(h) = -h**3 + 15*h**2 - 22*h - 22. What is v(13)?
30
Let o(z) = 98*z - 1169. Determine o(12).
7
Let l(t) = 2*t + 15. Give l(-11).
-7
Let n(j) = 11*j - 10. Determine n(5).
45
Let m(i) = 2*i**2 - 3*i. Calculate m(2).
2
Let o(q) = 15*q**2 - q - 1. Give o(-1).
15
Let m(g) = 7*g. Give m(-6).
-42
Let z(q) = -q - 8. Give z(-5).
-3
Let q(w) = -2*w**3 + 14*w**2 - 15*w + 14. Calculate q(6).
-4
Let c(z) = 2*z + 2. Give c(-5).
-8
Let s(n) = 5*n + 20. Give s(-7).
-15
Let j(r) = r**2 + 2*r - 266. Calculate j(-18).
22
Let k(n) = -n - 3. Calculate k(-8).
5
Let u(l) = l**2 - 2*l + 4. Calculate u(0).
4
Let c(r) = 34*r + 268. Calculate c(-8).
-4
Let g(b) = -b**3 + 44*b**2 - 86*b + 88. Determine g(42).
4
Let h(c) = 17*c**3 - 1. Give h(1).
16
Let s(h) = -h**3 + 11*h**2 + 2*h + 10. Determine s(11).
32
Let i(n) = -5*n + 16. What is i(8)?
-24
Let t(h) = -3*h + 6. Determine t(1).
3
Let y(w) = 5*w**3 + 3*w - 8. Calculate y(2).
38
Let w(j) = -3*j**2 - 6*j - 3. Give w(5).
-108
Let m(u) = u**2 - 2*u - 12. Give m(4).
-4
Let c(i) = 8*i + 1. Calculate c(-1).
-7
Let t(c) = -2*c**2 - 10*c + 8. What is t(-6)?
-4
Let i(j) = j**3 + 10*j**2 + 4*j - 8. Determine i(-7).
111
Let z(p) = -2*p**3 + 4*p**2 - 2*p + 4. Give z(3).
-20
Let m(h) = -h**2 + 2*h + 16. What is m(6)?
-8
Let y(t) = -57*t + 633. What is y(11)?
6
Let o(b) = -2*b**2 + 27*b + 15. Calculate o(14).
1
Let h(q) = -7*q + 103. What is h(13)?
12
Let n(f) = 3*f**3 + 31*f**2 - 17*f + 47. Calculate n(-11).
-8
Let h(r) = -r**2 + 10*r + 13. Determine h(11).
2
Let y(x) = 8*x + 217. What is y(-28)?
-7
Let l(k) = -k**2 - 14*k - 10. What is l(-12)?
14
Let k(b) = -30*b + 8. Give k(5).
-142
Let f(x) = x**2 - x + 2. What is f(2)?
4
Let o(m) = 10*m + 91. Give o(-9).
1
Let p(v) = -v**3 + 5*v**2 - 7*v + 9. Give p(3).
6
Let b(n) = -n**2 - 38. What is b(0)?
-38
Let b(x) = x**2 + 7*x - 10. What is b(-8)?
-2
Let d(j) = j**2 + 10*j + 23. Give d(-6).
-1
Let m(t) = -t**3 + t**2 - t + 39. What is m(0)?
39
Let i(z) = -8*z + 98. What is i(13)?
-6
Let x(o) = -o**3 + 11*o**2 - 17*o - 5. What is x(10)?
-75
Let r(i) = -i**3 + i**2 + i - 6. Give r(0).
-6
Let s(m) = m**2 + 10*m - 7. Determine s(-11).
4
Let d(c) = -c**2 - 2*c + 4. Give d(3).
-11
Let x(p) = 7*p - 69. Give x(14).
29
Let t(f) = 2*f**3 - 66*f**2 + 1. Calculate t(33).
1
Let n(r) = r - 71. Calculate n(-8).
-79
Let c(q) = -q**2 + 10*q - 11. Calculate c(5).
14
Let w(h) = h**3 - 5*h + 3. Give w(3).
15
Let d(g) = 6*g - 9. Determine d(7).
33
Let x(z) = -z**2 - 48*z + 107. What is x(-50)?
7
Let t(o) = o**3 - 11*o**2 + 7*o + 24. Calculate t(10).
-6
Let c(d) = 2*d**2 + 22*d - 3. What is c(-12)?
21
Let j(l) = -7*l + 49. Calculate j(6).
7
Let q(o) = -5*o - 30. Calculate q(-5).
-5
Let u(f) = f**2 + 7*f - 3. What is u(-6)?
-9
Let s(j) = 14*j**2 + j + 1. What is s(-1)?
14
Let a(y) = 2*y**3 + 16*y**2 + 10*y - 1. What is a(-6)?
83
Let u(f) = 26*f**2 + 3*f - 3. Calculate u(1).
26
Let h(r) = -4*r**2 + 6*r - 3. Calculate h(1).
-1
Let l(s) = s**3 + s**2 - 3*s + 8. Calculate l(-4).
-28
Let h(g) = -114*g**2 + 2*g - 2. Calculate h(1).
-114
Let r(v) = v**3 - 11*v**2 + 22*v - 18. What is r(9)?
18
Let l(d) = 21*d - 164. Calculate l(8).
4
Let u(g) = g**3 - 12*g**2 + 21*g + 10. Determine u(10).
20
Let h(b) = b**2 + 7*b + 5. Calculate h(-5).
-5
Let x(m) = 4*m - 19. Calculate x(8).
13
Let b(g) = -g**3 + 4*g**2 + 7*g - 16. Determine b(5).
-6
Let r(b) = b + 5. Determine r(-15).
-10
Let c(a) = -5*a**2 - 5*a. What is c(-2)?
-10
Let k(z) = z**3 + 3*z**2 + 17*z + 79. What is k(-4)?
-5
Let d(s) = 13*s + 30. Give d(-15).
-165
Let b(y) = -3*y**2 + 3*y + 84. Determine b(6).
-6
Let j(v) = -v**2 - 6*v + 5. Determine j(-9).
-22
Let z(p) = p**2 + 16*p + 16. Give z(-13).
-23
Let a(t) = 7*t - 5. Calculate a(3).
16
Let w(y) = -6*y + 170. Give w(28).
2
Let f(o) = o**2 - 3*o - 22. What is f(6)?
-4
Let d(q) = -3*q + 1. What is d(-3)?
10
Let b(i) = -46*i + 319. Determine b(7).
-3
Let b(x) = x**3 + 14*x**2 + 11*x - 16. What is b(-13)?
10
Let q(i) = -i**2 - 9*i - 5. Calculate q(-6).
13
Let a(w) = -w**2 - 24*w - 65. Calculate a(-4).
15
Let v(m) = -m**3 - 4*m**2 + 3*m + 1. Determine v(-4).
-11
Let j(v) = -v**3 - 10*v**2 - 11*v. Give j(-9).
18
Let m(g) = -31*g**2 + 4. Determine m(-1).
-27
Let v(h) = -h**3 - h**2 - h - 9. What is v(3)?
-48
Let t(r) = r**2 + r + 3. Give t(-4).
15
Let c(a) = -a**3 + 33*a**2 + 35*a - 10. Calculate c(34).
24
Let b(u) = 2*u**3 + u**2 - 2*u + 1. Give b(0).
1
Let t(y) = y**2 - 6*y + 4. What is t(3)?
-5
Let w(x) = x**2 - 6*x + 13. Determine w(3).
4
Let n(w) = w**3 + 15*w**2 - 35*w - 24. What is n(-17)?
-7
Let a(o) = -o - 1. What is a(2)?
-3
Let y(r) = -2*r + 5. What is y(4)?
-3
Let h(k) = k**2 - 37*k + 221. Calculate h(7).
11
Let k(v) = -v**2 - v + 4. Give k(0).
4
Let o(l) = l**3 - 7*l**2 - 34*l + 47. Determine o(10).
7
Let p(c) = -40*c**3 + 2*c - 1. Determine p(1).
-39
Let h(d) = 21*d**2 